43
1101032 (base 4) to base 13
249b
-577b (base 12) to base 6
-113035
Convert -7711 (base 8) to base 11.
-3044
What is -740 (base 12) in base 5?
-13211
What is e54 (base 16) in base 13?
1892
Convert 4142 (base 7) to base 4.
112223
233 (base 7) to base 4
1322
Convert -1c (base 16) to base 14.
-20
Convert -1314 (base 12) to base 4.
-202000
Convert -1d43 (base 16) to base 7.
-30561
-10011010001011 (base 2) to base 15
-2dcc
What is -3044 (base 10) in base 13?
-1502
What is -5 (base 10) in base 11?
-5
What is -132024 (base 7) in base 11?
-17628
233 (base 4) to base 16
2f
42114 (base 5) to base 11
2101
Convert 464 (base 12) to base 2.
1010001100
What is -1133 (base 7) in base 6?
-1532
What is -5181 (base 13) in base 5?
-330014
Convert -11010001011 (base 2) to base 15.
-76a
What is 100120 (base 4) in base 11?
873
2262 (base 10) to base 16
8d6
What is -c204 (base 13) in base 14?
-9a38
What is 10012110 (base 3) in base 11?
1832
Convert -2832 (base 15) to base 14.
-31c1
75 (base 11) to base 7
145
Convert 21002 (base 4) to base 11.
486
10011001011 (base 2) to base 3
1200110
Convert 2ac (base 15) to base 9.
750
What is -1353 (base 6) in base 3?
-111020
-2010211 (base 3) to base 10
-1561
What is -33a5 (base 11) in base 4?
-1011313
What is -10045 (base 6) in base 3?
-1211002
What is 1589 (base 11) in base 15?
908
Convert 61c6 (base 16) to base 9.
37301
What is -5631 (base 7) in base 15?
-906
Convert -8b6 (base 13) to base 15.
-6a1
Convert -1110 (base 4) to base 6.
-220
Convert 151332 (base 6) to base 2.
11100100001000
Convert -5383 (base 10) to base 6.
-40531
What is -30000223 (base 4) in base 11?
-33a63
What is -20425 (base 6) in base 11?
-2083
-117a8 (base 13) to base 5
-2011304
-2633 (base 8) to base 14
-747
-1001110100 (base 2) to base 13
-394
What is 1001110110111110 (base 2) in base 5?
2243012
-100521 (base 8) to base 3
-1200102010
What is 24440 (base 7) in base 14?
2490
-1769b (base 13) to base 7
-245302
1131341 (base 5) to base 13
9647
Convert -3799 (base 11) to base 7.
-20266
Convert 30484 (base 9) to base 16.
4e73
Convert -51666 (base 9) to base 16.
-8520
-101100 (base 2) to base 4
-230
246 (base 8) to base 15
b1
-248 (base 9) to base 10
-206
-422 (base 6) to base 9
-185
Convert 2c8 (base 13) to base 14.
27c
81e (base 15) to base 13
aa9
10290 (base 10) to base 7
42000
Convert -b5 (base 16) to base 11.
-155
Convert 325e (base 15) to base 14.
3c5a
What is 590 (base 13) in base 3?
1022122
Convert -162 (base 8) to base 2.
-1110010
Convert -31302 (base 4) to base 8.
-1562
Convert -1185 (base 14) to base 10.
-3057
-25482 (base 9) to base 14
-6381
What is -6431 (base 10) in base 16?
-191f
Convert -220011 (base 4) to base 16.
-a05
What is 4123 (base 13) in base 10?
8986
270 (base 10) to base 15
130
What is -31011202 (base 4) in base 16?
-d162
What is -100232 (base 4) in base 5?
-13240
-5394 (base 10) to base 16
-1512
671 (base 9) to base 5
4200
Convert bd3 (base 14) to base 10.
2341
What is 3491 (base 13) in base 7?
30350
-2101013 (base 4) to base 8
-22107
What is -2637 (base 8) in base 15?
-65e
Convert 20000100 (base 3) to base 11.
3325
1000011 (base 2) to base 16
43
Convert -5305 (base 6) to base 10.
-1193
Convert 29c (base 14) to base 8.
1022
Convert -5f71 (base 16) to base 8.
-57561
Convert 150303 (base 6) to base 2.
11100000011111
Convert -782 (base 16) to base 13.
-b4b
What is 3032 (base 4) in base 16?
ce
Convert -11111001110 (base 2) to base 15.
-8d3
Convert 2a30 (base 16) to base 8.
25060
Convert -10100000110010 (base 2) to base 4.
-2200302
What is 23b0c (base 13) in base 12?
31b54
-285 (base 14) to base 15
-23e
Convert 1321 (base 5) to base 10.
211
What is -60100 (base 8) in base 13?
-b2a5
-5236 (base 11) to base 14
-2756
56442 (base 8) to base 4
11310202
Convert a695 (base 14) to base 13.
10114
b9d (base 15) to base 6
20051
Convert -6467 (base 11) to base 5.
-233133
What is 2232221 (base 4) in base 3?
120022222
Convert -11121212 (base 3) to base 9.
-4555
What is -110001110011 (base 2) in base 4?
-301303
What is -5433 (base 10) in base 7?
-21561
What is -7a3 (base 15) in base 4?
-123000
Convert 2002220122 (base 3) to base 15.
c45e
1001202202 (base 3) to base 14
7900
What is -4ab0 (base 12) in base 9?
-12566
Convert 7307 (base 15) to base 12.
12097
Convert d23 (base 15) to base 9.
4046
Convert -396a (base 11) to base 14.
-1c46
What is -144436 (base 7) in base 9?
-42367
eed (base 16) to base 12
2265
Convert -12c41 (base 14) to base 16.
-b4e9
What is 16342 (base 7) in base 2?
1001000011100
Convert 3bb (base 12) to base 7.
1451
What is -27107 (base 9) in base 5?
-1041223
What is -20401 (base 7) in base 14?
-1b71
Convert 12122201 (base 3) to base 4.
1000123
-100143 (base 5) to base 15
-e18
What is -11121 (base 4) in base 14?
-1a9
Convert 12d (base 16) to base 2.
100101101
What is -4056 (base 7) in base 8?
-2605
11340 (base 7) to base 2
101101100111
What is 336 (base 8) in base 9?
266
24189 (base 10) to base 5
1233224
What is -2011112121 (base 3) in base 8?
-123264
-1230312 (base 4) to base 13
-322b
Convert 754 (base 9) to base 4.
21220
What is 143342 (base 5) in base 14?
2317
Convert -c1c5 (base 14) to base 3.
-1200200020
What is -24c7 (base 15) in base 13?
-374b
Convert 15983 (base 12) to base 6.
354243
What is 1104 (base 8) in base 2?
1001000100
-1475 (base 8) to base 16
-33d
4107 (base 8) to base 5
31434
Convert 10001022 (base 3) to base 15.
9d2
What is 60540 (base 7) in base 2?
11100101010111
-18a (base 15) to base 8
-543
110100 (base 3) to base 12
239
-1540 (base 6) to base 12
-2b0
What is -5027 (base 9) in base 4?
-321112
Convert 52114 (base 6) to base 8.
15456
Convert 10ea (base 15) to base 16.
e0b
Convert 2535 (base 7) to base 15.
43c
-2a744 (base 11) to base 6
-533155
What is -11836 (base 10) in base 2?
-10111000111100
-1a9 (base 11) to base 4
-3300
-211340 (base 6) to base 15
-5166
What is -37395 (base 10) in base 11?
-26106
Convert -1113100 (base 5) to base 14.
-72c7
Convert -6008 (base 10) to base 6.
-43452
What is -13100 (base 8) in base 5?
-140241
What is -1022010 (base 3) in base 8?
-1664
-15d (base 15) to base 5
-2223
Convert 1312 (base 7) to base 9.
614
Convert -322054 (base 6) to base 5.
-1321021
What is 1000000011100 (base 2) in base 7?
15011
What is 30301 (base 4) in base 7?
2245
Convert -27c (base 14) to base 11.
-417
What is 3321442 (base 5) in base 7?
330234
-3033333 (base 5) to base 11
-33a84
Convert 1111010001 (base 2) to base 6.
4305
-82f3 (base 16) to base 13
-12349
What is -7b7 (base 16) in base 6?
-13051
-1201111222 (base 3) to base 15
-a0ab
Convert 731 (base 14) to base 13.
84b
31344 (base 5) to base 12
126b
What is 6c3 (base 16) in base 3?
2101010
Convert 89b (base 12) to base 6.
5515
What is 66 (base 16) in base 14?
74
What is -10101111011 (base 2) in base 16?
-57b
What is a16a (base 13) in base 3?
1010111020
What is 31a06 (base 11) in base 12?
22a86
1000011110111011 (base 2) to base 5
2102442
-2864 (base 13) to base 15
-1ad8
Convert -3654 (base 8) to base 14.
-a04
Convert 1511 (base 10) to base 12.
a5b
Convert -22607 (base 9) to base 16.
-3ae1
-1052 (base 11) to base 10
-1388
Convert -22314 (base 5) to base 10.
-1584
What is -fcf (base 16) in base 10?
-4047
Convert 1101011 (base 2) to base 13.
83
-2dde (base 16) to base 7
-46143
What is -2042 (base 14) in base 12?
-3262
What is -261 (base 13) in base 10?
-417
Convert 20212 (base 3) to base 8.
271
Convert -13826 (base 9) to base 8.
-22314
What is -1201313 (base 4) in base 10?
-6263
Convert -4612 (base 8) to base 7.
-10056
Convert -16036 (base 9) to base 3.
-120001020
1665 (base 9) to base 6
5522
Convert -55a (base 15) to base 11.
-a00
Convert 194 (base 16) to base 8.
624
838a (base 11) to base 16
2b65
Convert -25363 (base 9) to base 4.
-10022223
-1224d (base 15) to base 16
-e22a
Convert -440232 (base 6) to base 15.
-aba5
Convert 4020 (base 6) to base 4.
31230
What is 15602 (base 7) in base 6?
32232
What is 11100010010 (base 2) in base 14?
934
What is 13c (base 14) in base 4?
3322
What is 420 (base 14) in base 2?
1100101100
Convert 1049d (base 15) to base 5.
3123143
Convert -979a (base 11) to base 15.
-3c75
What is -2b1 (base 14) in base 7?
-1411
Convert 1202213 (base 4) to base 10.
6311
-10211101120 (base 3) to base 10
-75372
-10244 (base 5) to base 15
-319
a63a (b